 of 55?
True
Is 20 a factor of 3808?
False
Does 14 divide 19964?
True
Is 9 a factor of 1607?
False
Is 5 a factor of 984?
False
Is 45 a factor of 2934?
False
Does 18 divide 536?
False
Does 12 divide 312?
True
Is 80960 a multiple of 23?
True
Does 3 divide 705?
True
Is 30 a factor of 644?
False
Does 17 divide 770?
False
Is 7 a factor of 336?
True
Does 32 divide 4400?
False
Does 27 divide 513?
True
Does 13 divide 481?
True
Is 5870 a multiple of 10?
True
Does 59 divide 1003?
True
Is 414 a multiple of 5?
False
Is 333 a multiple of 7?
False
Is 26 a factor of 728?
True
Is 12 a factor of 1908?
True
Is 367 a multiple of 36?
False
Is 346 a factor of 13840?
True
Does 20 divide 5250?
False
Does 8 divide 224?
True
Is 41202 a multiple of 218?
True
Does 203 divide 6329?
False
Does 9 divide 639?
True
Is 17840 a multiple of 46?
False
Is 23 a factor of 17754?
False
Is 13 a factor of 9000?
False
Is 6685 a multiple of 35?
True
Is 1538 even?
True
Does 10 divide 1624?
False
Is 9 a factor of 27132?
False
Does 21 divide 415?
False
Is 5912 a multiple of 12?
False
Is 17110 a multiple of 58?
True
Is 31 a factor of 36?
False
Is 1770 a multiple of 15?
True
Is 108 a factor of 13949?
False
Does 24 divide 30144?
True
Is 102 even?
True
Is 14 a factor of 126560?
True
Does 40 divide 600?
True
Is 52000 a multiple of 160?
True
Is 57 a factor of 2280?
True
Does 11 divide 174?
False
Is 42 a factor of 2898?
True
Is 1620 a multiple of 81?
True
Is 489 a multiple of 89?
False
Is 5 a factor of 515?
True
Does 77 divide 3792?
False
Is 103 a multiple of 46?
False
Is 19 a factor of 2679?
True
Does 46 divide 27355?
False
Is 39 a factor of 4602?
True
Is 2869 a multiple of 19?
True
Does 22 divide 440?
True
Is 57 a factor of 259?
False
Is 2946 a multiple of 6?
True
Is 880 a multiple of 51?
False
Does 10 divide 90?
True
Is 595 a multiple of 85?
True
Is 95 a factor of 21520?
False
Does 9 divide 90?
True
Does 12 divide 2354?
False
Is 2860 a multiple of 52?
True
Is 2601 a multiple of 61?
False
Is 74 a factor of 1497?
False
Is 330 a multiple of 32?
False
Does 102 divide 1517?
False
Does 10 divide 854?
False
Does 144 divide 38160?
True
Is 954 a multiple of 5?
False
Is 2 a factor of 201?
False
Does 64 divide 968?
False
Does 21 divide 309?
False
Does 312 divide 37752?
True
Is 14 a factor of 17721?
False
Is 8951 a multiple of 15?
False
Is 20 a factor of 59160?
True
Does 60 divide 76?
False
Does 3 divide 8074?
False
Is 14 a factor of 1394?
False
Does 67 divide 41339?
True
Is 546 a multiple of 54?
False
Does 11 divide 268?
False
Is 11152 a multiple of 164?
True
Is 3 a factor of 553?
False
Does 43 divide 5117?
True
Is 28826 a multiple of 18?
False
Is 23996 a multiple of 14?
True
Does 2 divide 1416?
True
Is 883 a multiple of 18?
False
Is 2380 a multiple of 28?
True
Is 27 a factor of 4177?
False
Does 42 divide 7242?
False
Does 41 divide 3444?
True
Is 8 a factor of 1936?
True
Is 14 a factor of 21?
False
Is 8 a factor of 3306?
False
Does 14 divide 56?
True
Is 560 a multiple of 3?
False
Is 3 a factor of 36?
True
Is 250 a factor of 34358?
False
Is 300 a factor of 17700?
True
Is 13 a factor of 1432?
False
Does 73 divide 1387?
True
Is 12513 a multiple of 147?
False
Does 7 divide 5985?
True
Does 7 divide 357?
True
Is 46 a factor of 1790?
False
Is 14 a factor of 130?
False
Is 2304 a multiple of 16?
True
Does 14 divide 91700?
True
Does 55 divide 19103?
False
Does 28 divide 521?
False
Is 3690 a multiple of 119?
False
Is 13 a factor of 390?
True
Is 5288 a multiple of 18?
False
Does 28 divide 2800?
True
Does 154 divide 21946?
False
Is 441 a multiple of 21?
True
Is 14355 a multiple of 99?
True
Is 12 a factor of 60?
True
Does 141 divide 10011?
True
Is 62 a multiple of 3?
False
Does 366 divide 31842?
True
Is 11 a factor of 2024?
True
Is 167 a factor of 17034?
True
Is 406 a multiple of 29?
True
Does 19 divide 1406?
True
Does 121 divide 4840?
True
Is 2254 a multiple of 14?
True
Is 559 a multiple of 51?
False
Is 2220 a multiple of 148?
True
Is 123 a factor of 9594?
True
Is 111016 a multiple of 341?
False
Is 24645 a multiple of 53?
True
Is 7 a factor of 543?
False
Is 27336 a multiple of 136?
True
Is 23 a factor of 1135?
False
Is 8 a factor of 4400?
True
Does 21 divide 7665?
True
Does 15 divide 1488?
False
Does 10 divide 310?
True
Is 384 a multiple of 128?
True
Is 354 a multiple of 7?
False
Is 1707 a multiple of 37?
False
Is 8 a factor of 1089?
False
Does 11 divide 458?
False
Is 4732 a multiple of 21?
False
Does 12 divide 8069?
False
Is 106 a factor of 2843?
False
Is 3324 a multiple of 23?
False
Does 52 divide 450?
False
Is 7 a factor of 13132?
True
Is 2000 a multiple of 10?
True
Is 172 a factor of 47259?
False
Is 42 a factor of 336?
True
Is 140 even?
True
Is 22950 a multiple of 54?
True
Is 82772 a multiple of 11?
False
Is 65 a factor of 3090?
False
Is 6757 a multiple of 51?
False
Is 536 a multiple of 12?
False
Is 27 a factor of 113?
False
Does 9 divide 1505?
False
Does 65 divide 84240?
True
Does 4 divide 3507?
False
Does 20 divide 27060?
True
Does 66 divide 264?
True
Does 10 divide 73430?
True
Is 15 a factor of 723?
False
Is 15 a factor of 2340?
True
Is 5265 a multiple of 27?
True
Is 1730 a multiple of 28?
False
Is 8442 a multiple of 42?
True
Is 1488 a multiple of 16?
True
Is 66 a factor of 6283?
False
Is 10 a factor of 155?
False
Is 2 a factor of 566?
True
Does 33 divide 574?
False
Is 17732 a multiple of 286?
True
Does 100 divide 1000?
True
Is 11 a factor of 15554?
True
Is 44 a factor of 13273?
False
Is 29330 a multiple of 70?
True
Is 52 a factor of 27891?
False
Is 756 a multiple of 93?
False
Is 23 a factor of 156599?
False
Does 12 divide 636?
True
Is 13120 a multiple of 8?
True
Is 31 a factor of 2325?
True
Does 19 divide 1558?
True
Is 1360 a multiple of 40?
True
Does 41 divide 16974?
True
Is 26 a factor of 1440?
False
Is 19 a factor of 69793?
False
Is 467 a multiple of 18?
False
Does 18 divide 47898?
True
Is 15 a factor of 31350?
True
Does 8 divide 13488?
True
Is 1037 a multiple of 2?
False
Is 26 a factor of 13312?
True
Does 15 divide 29370?
True
Is 4 a factor of 278?
False
Is 1266 a multiple of 20?
False
Does 13 divide 7237?
False
Is 8625 a multiple of 15?
True
Is 13 a factor of 344?
False
Does 6 divide 342?
True
Does 74 divide 888?
True
Is 6105 a multiple of 15?
True
Is 4160 a multiple of 13?
True
Is 46274 a multiple of 298?
False
Does 5 divide 220?
True
Is 4541 a multiple of 198?
False
Is 68 a multiple of 33?
False
Is 250 a multiple of 25?
True
Does 4 divide 1424?
True
Is 3105 a multiple of 27?
True
Is 8700 a multiple of 3?
True
Does 6 divide 174?
True
Does 10 divide 1910?
True
Does 114 divide 2166?
True
Does 3 divide 4085?
False
Is 11 a factor of 1336?
False
Is 2133 a multiple of 27?
True
Is 10 a factor of 59450?
True
Is 9 a factor of 4261?
False
Is 284 a multiple of 4?
True
Does 12 divide 705?
False
Does 48 divide 3522?
False
Does 170 divide 2720?
True
Does 9 divide 12445?
False
Is 60 a factor of 4453?
False
Does 128 divide 3676?
False
Is 148 a factor of 9755?
False
Does 138 divide 9108?
True
Does 14 divide 84?
True
Is 44400 a multiple of 40?
True
Does 86 divide 2501?
False
Does 66 divide 2540?
False
Does 40 divide 2680?
True
Does 23 divide 1679?
True
Does 68 divide 41706?
False
Is 5423 a multiple of 7?
False
Is 52 a factor of 32396?
True
Is 91 a multiple of 7?
True
Does 16 divide 2048?
True
Is 105 a multiple of 21?
True
Is 75 a factor of 33194?
False
Is 27 a factor of 733?
False
Is 507 a multiple of 7?
False
Is 46 a factor of 1748?
True
Is 6 a factor of 1152?
True
Does 211 divide 11738?
False
Is 285 a multiple of 3?
True
Is 24 a factor of 1752?
True
Is 646 a multiple of 38?
True
Does 5 divide 250?
True
Does 35 divide 44?
False
Is 221 a multiple of 21?
False
Is 61 a factor of 17568?
True
Is 16770 a multiple of 10?
True
Does 10 divide 2429?
False
Does 5 divide 1322?
False
Does 30 divide 3212?
False
Does 6 divide 672?
True
Is 1191 a multiple of 84?
False
Is 1960 a multiple of 70?
True
Does 32 divide 17187?
False
Does 22 divide 11682?
True
Is 3400 a multiple of 50?
True
Is 166 a multiple of 4?
False
Is 20332 a multiple of 10?
False
Is 5148 a multiple of 66?
True
Is 83790 a multiple of 57?
True
Is 1502 a multiple of 39?
False
Is 36 a factor of 7626?
False
Is 1312 a multiple of 82?
True
Is 58 a factor of 348?
True
Is 24 